er when 1754769 is divided by 29?
8
Calculate the remainder when 178871 is divided by 592.
87
What is the remainder when 74156 is divided by 4222?
2382
What is the remainder when 7017400 is divided by 494?
130
What is the remainder when 137961 is divided by 34198?
1169
Calculate the remainder when 55789534 is divided by 552.
550
Calculate the remainder when 36799232 is divided by 78.
2
Calculate the remainder when 298360645 is divided by 19.
16
Calculate the remainder when 13205829 is divided by 3301447.
41
Calculate the remainder when 118581180 is divided by 39739.
4
What is the remainder when 80998960 is divided by 218?
188
Calculate the remainder when 37354397 is divided by 1017.
1004
Calculate the remainder when 1313983 is divided by 13407.
97
Calculate the remainder when 3422198 is divided by 228146.
8
Calculate the remainder when 1714298 is divided by 857145.
8
What is the remainder when 153116 is divided by 5064?
1196
Calculate the remainder when 9874108 is divided by 848.
844
Calculate the remainder when 20252 is divided by 3036.
2036
Calculate the remainder when 31408 is divided by 10363.
319
Calculate the remainder when 16904965 is divided by 255.
250
What is the remainder when 5788063 is divided by 20?
3
Calculate the remainder when 338963 is divided by 132.
119
What is the remainder when 5331355 is divided by 3239?
3200
Calculate the remainder when 3471752 is divided by 368.
40
Calculate the remainder when 773140 is divided by 770978.
2162
What is the remainder when 44317 is divided by 934?
419
Calculate the remainder when 3667432 is divided by 565.
17
What is the remainder when 785025 is divided by 53?
42
What is the remainder when 100556029 is divided by 829?
816
Calculate the remainder when 366911 is divided by 486.
467
Calculate the remainder when 24425837 is divided by 106.
45
Calculate the remainder when 108861 is divided by 52227.
4407
What is the remainder when 74706232 is divided by 48?
40
Calculate the remainder when 248105 is divided by 333.
20
Calculate the remainder when 529303 is divided by 1386.
1237
What is the remainder when 9529 is divided by 4455?
619
What is the remainder when 107378 is divided by 26840?
18
Calculate the remainder when 215747248 is divided by 2906.
2902
What is the remainder when 601582 is divided by 150395?
2
What is the remainder when 7559216 is divided by 4230?
206
What is the remainder when 469751 is divided by 817?
793
Calculate the remainder when 57996140 is divided by 11599226.
10
Calculate the remainder when 22949 is divided by 907.
274
Calculate the remainder when 32914949 is divided by 205.
149
Calculate the remainder when 204644779 is divided by 2851.
2850
What is the remainder when 3627341 is divided by 241821?
26
What is the remainder when 17326811 is divided by 1732669?
121
Calculate the remainder when 304482 is divided by 1248.
1218
What is the remainder when 1929496 is divided by 1339?
1336
What is the remainder when 1931126 is divided by 5518?
5344
Calculate the remainder when 100212416 is divided by 210.
206
Calculate the remainder when 853489 is divided by 42673.
29
Calculate the remainder when 4823670 is divided by 4823659.
11
What is the remainder when 394507 is divided by 39450?
7
What is the remainder when 140727 is divided by 1292?
1191
What is the remainder when 4995458 is divided by 200?
58
What is the remainder when 4036905 is divided by 147?
138
What is the remainder when 5605357 is divided by 246?
1
Calculate the remainder when 90193709 is divided by 98.
95
What is the remainder when 265263 is divided by 4834?
4227
Calculate the remainder when 2131745 is divided by 1201.
1171
Calculate the remainder when 340050 is divided by 678.
372
What is the remainder when 1679174 is divided by 98?
42
What is the remainder when 39934 is divided by 1232?
510
Calculate the remainder when 7906 is divided by 1107.
157
What is the remainder when 28781561 is divided by 1308247?
127
What is the remainder when 1658886 is divided by 902?
108
What is the remainder when 314905 is divided by 410?
25
What is the remainder when 954827 is divided by 1396?
1359
Calculate the remainder when 344872 is divided by 2005.
12
What is the remainder when 482749468 is divided by 37?
34
What is the remainder when 1460332 is divided by 146030?
32
What is the remainder when 51830041 is divided by 34?
33
Calculate the remainder when 91837 is divided by 6522.
529
Calculate the remainder when 643730 is divided by 107.
18
Calculate the remainder when 359605 is divided by 178990.
1625
What is the remainder when 825695 is divided by 2285?
810
What is the remainder when 11472124 is divided by 39559?
14
What is the remainder when 5623655 is divided by 1405864?
199
What is the remainder when 4121361 is divided by 1373727?
180
What is the remainder when 681684 is divided by 15?
9
Calculate the remainder when 6172 is divided by 118.
36
Calculate the remainder when 2839584 is divided by 2789.
382
What is the remainder when 1481094 is divided by 1267?
1238
What is the remainder when 28232519 is divided by 1142?
1137
Calculate the remainder when 22522842 is divided by 12.
6
What is the remainder when 3727833 is divided by 745542?
123
What is the remainder when 19734 is divided by 6453?
375
What is the remainder when 18082860 is divided by 18082784?
76
What is the remainder when 134389807 is divided by 54?
7
What is the remainder when 152974 is divided by 684?
442
Calculate the remainder when 7481823 is divided by 6.
3
What is the remainder when 193588 is divided by 254?
40
What is the remainder when 6534678 is divided by 1306934?
8
Calculate the remainder when 2087499 is divided by 1129.
1107
What is the remainder when 16577489 is divided by 39?
32
Calculate the remainder when 722860 is divided by 42137.
6531
Calculate the remainder when 1714299 is divided by 2442.
15
What is the remainder when 12784152 is divided by 245849?
4
Calculate the remainder when 446258 is divided by 111498.
266
What is the remainder when 118517 is divided by 2827?
2610
What is the remainder when 345520 is divided by 932?
680
Calculate the remainder when 191677 is divided by 94350.
2977
What is the remainder when 1265558 is divided by 1265482?
76
Calculate the remainder when 17917680 is divided by 33.
0
Calculate the remainder when 292660 is divided by 7276.
1620
Calculate the remainder when 263933097 is divided by 15.
12
Calculate the remainder when 4311377 is divided by 20.
17
What is the remainder when 24930965 is divided by 268?
265
What is the remainder when 95227825 is divided by 94?
91
Calculate the remainder when 14700 is divided by 595.
420
Calculate the remainder when 2717238 is divided by 1358611.
16
What is the remainder when 3137140 is divided by 210?
160
Calculate the remainder when 354327 is divided by 88544.
151
Calculate the remainder when 412619 is divided by 22743.
3245
Calculate the remainder when 1806171 is divided by 629.
312
What is the remainder when 1136771545 is divided by 44?
41
Calculate the remainder when 155227 is divided by 38801.
23
Calculate the remainder when 1068236 is divided by 575.
461
Calculate the remainder when 13786870 is divided by 442.
6
Calculate the remainder when 204720 is divided by 270.
60
What is the remainder when 1993721 is divided by 664531?
128
What is the remainder when 707409 is divided by 1012?
21
What is the remainder when 550422 is divided by 45?
27
What is the remainder when 225472 is divided by 805?
72
Calculate the remainder when 1425025 is divided by 355610.
2585
Calculate the remainder when 12380870 is divided by 591.
11
What is the remainder when 1488615 is divided by 676?
63
What is the remainder when 1137980 is divided by 350?
130
Calculate the remainder when 1479482 is divided by 709.
508
Calculate the remainder when 235693 is divided by 21391.
392
Calculate the remainder when 7217233 is divided by 4167.
4156
Calculate the remainder when 1118807 is divided by 725.
132
What is the remainder when 375024 is divided by 11028?
72
Calculate the remainder when 5036143 is divided by 180.
103
Calculate the remainder when 1297860 is divided by 324465.
0
Calculate the remainder when 407680 is divided by 3920.
0
Calculate the remainder when 5235860 is divided by 2617930.
0
Calculate the